se 7?
6226
Convert -2432130 (base 5) to base 8.
-131533
Convert -2132 (base 5) to base 16.
-124
What is -37014 (base 10) in base 2?
-1001000010010110
Convert 44455 (base 9) to base 16.
735e
Convert 152 (base 12) to base 8.
316
What is -5460 (base 8) in base 7?
-11231
-3b2 (base 16) to base 11
-790
Convert -2020120 (base 3) to base 12.
-b43
-1aa (base 16) to base 11
-358
Convert 49 (base 16) to base 12.
61
Convert b90 (base 14) to base 13.
1067
What is -5141 (base 9) in base 2?
-111010110011
What is f39 (base 16) in base 9?
5310
431404 (base 5) to base 10
14604
What is 4236 (base 10) in base 16?
108c
Convert -324222 (base 5) to base 13.
-5127
-109 (base 16) to base 15
-12a
Convert -46056 (base 9) to base 3.
-1120001220
Convert b55 (base 16) to base 10.
2901
34155 (base 9) to base 7
123161
What is -28084 (base 10) in base 15?
-84c4
-133323 (base 7) to base 5
-1301303
24205 (base 6) to base 12
2065
Convert 2169 (base 12) to base 3.
12001100
What is 1101 (base 2) in base 15?
d
546 (base 11) to base 16
28f
-10000010110 (base 2) to base 11
-871
-2001002 (base 3) to base 4
-113033
48 (base 16) to base 3
2200
Convert -138 (base 15) to base 11.
-233
-12130 (base 7) to base 3
-11022221
-221 (base 3) to base 6
-41
Convert -11010110 (base 2) to base 9.
-257
Convert 77b (base 16) to base 12.
1137
Convert 23566 (base 9) to base 13.
7245
Convert 10012001 (base 3) to base 15.
a4d
What is 45014 (base 6) in base 5?
200044
Convert 10001110011 (base 2) to base 16.
473
2001404 (base 5) to base 13
11436
What is 2200102 (base 3) in base 12?
116b
What is -3444 (base 10) in base 11?
-2651
-77485 (base 9) to base 6
-1034035
-605 (base 9) to base 11
-407
Convert -7601 (base 15) to base 11.
-17846
Convert -2011 (base 11) to base 9.
-3601
12350 (base 8) to base 4
1103220
-1622 (base 9) to base 3
-1200202
293f (base 16) to base 11
7a2a
Convert d9c4 (base 15) to base 7.
251233
Convert -223505 (base 6) to base 8.
-45041
-7217 (base 9) to base 8
-12241
What is -9a97 (base 12) in base 8?
-41323
Convert -3047 (base 11) to base 2.
-111111001100
-35212 (base 6) to base 7
-20501
What is 443 (base 6) in base 12?
123
Convert 2047 (base 15) to base 11.
5138
Convert -121013 (base 4) to base 8.
-3107
-3315 (base 6) to base 2
-1011111111
What is -8b (base 15) in base 12?
-ab
What is -1210 (base 5) in base 12?
-130
What is -4502 (base 15) in base 16?
-3923
What is 1010120120 (base 3) in base 14?
81a2
Convert -61 (base 8) to base 7.
-100
842e (base 16) to base 2
1000010000101110
What is 25405 (base 9) in base 13?
7a21
Convert -10f (base 16) to base 2.
-100001111
What is 4314 (base 8) in base 15?
a02
Convert 111112 (base 4) to base 2.
10101010110
17141 (base 8) to base 3
101200001
Convert -5052 (base 10) to base 4.
-1032330
-2010211 (base 3) to base 5
-22221
2301 (base 5) to base 13
1c1
Convert 537 (base 15) to base 2.
10010011001
-a30 (base 14) to base 7
-5560
What is -24a0 (base 15) in base 8?
-17170
What is -3003 (base 5) in base 15?
-1a3
Convert 1156 (base 8) to base 16.
26e
Convert -505c (base 13) to base 12.
-649a
Convert -4633 (base 7) to base 6.
-11454
What is 1b7 (base 12) in base 5?
2113
What is 124b (base 12) in base 3?
2211212
What is 4322 (base 6) in base 10?
986
Convert -12073 (base 8) to base 10.
-5179
What is -26474 (base 9) in base 6?
-214451
25310 (base 10) to base 12
12792
-32595 (base 10) to base 7
-164013
Convert -152131 (base 6) to base 12.
-8647
What is 122130 (base 4) in base 9?
2280
11200 (base 4) to base 2
101100000
What is -4111 (base 5) in base 15?
-256
-100110011000111 (base 2) to base 12
-b45b
What is 2145 (base 8) in base 12?
799
461 (base 7) to base 8
357
Convert 1ab0b (base 12) to base 2.
1001101010111011
What is -13010 (base 4) in base 13?
-28a
Convert 25024 (base 10) to base 6.
311504
Convert 17154 (base 8) to base 12.
4610
What is -238 (base 9) in base 3?
-21022
What is -2f0 (base 16) in base 13?
-45b
Convert -10261 (base 13) to base 14.
-a7bc
Convert 4350 (base 6) to base 10.
1002
What is -60231 (base 7) in base 6?
-151130
Convert d011 (base 14) to base 12.
1879b
What is 10011122022 (base 3) in base 9?
104568
Convert -a8 (base 16) to base 8.
-250
Convert -2052 (base 6) to base 5.
-3324
What is -588 (base 11) in base 14?
-381
Convert -13003310 (base 4) to base 5.
-1411131
What is 1451 (base 6) in base 12?
287
Convert -10a2 (base 13) to base 6.
-14441
-114020 (base 5) to base 3
-12211210
Convert 2100221 (base 3) to base 13.
a2a
Convert -2770 (base 10) to base 8.
-5322
What is 1919a (base 11) in base 3?
1100211110
-326c (base 16) to base 13
-5b4c
-1113320 (base 4) to base 2
-1010111111000
What is -4b9 (base 12) in base 13?
-432
-3 (base 10) to base 9
-3
What is 11e0a (base 15) in base 5?
3312120
What is 6080 (base 9) in base 3?
20002200
Convert 493 (base 15) to base 14.
542
What is -1532 (base 6) in base 2?
-110100000
-101121021 (base 3) to base 13
-3697
What is 1113031 (base 4) in base 2?
1010111001101
1544 (base 6) to base 14
224
Convert -deba (base 15) to base 13.
-1863a
What is 117a3 (base 11) in base 15?
503c
Convert 1110010000010 (base 2) to base 15.
2268
What is -109 (base 12) in base 11?
-12a
-1001232 (base 4) to base 6
-31250
Convert 37557 (base 11) to base 16.
d293
Convert 1410 (base 6) to base 11.
303
Convert -3705 (base 8) to base 4.
-133011
What is -1200112 (base 3) in base 7?
-3404
-1b0b (base 13) to base 12
-242b
-200220120 (base 3) to base 16
-35d9
Convert 807 (base 15) to base 13.
a90
8486 (base 10) to base 15
27ab
Convert -1471 (base 9) to base 5.
-13432
110404 (base 5) to base 16
f0e
Convert 2281 (base 15) to base 7.
30226
-1628 (base 15) to base 5
-123023
What is 15251 (base 8) in base 2?
1101010101001
Convert -1110004 (base 5) to base 16.
-4bb3
What is -5755 (base 15) in base 14?
-6a78
Convert -1102120 (base 3) to base 13.
-621
What is -36 (base 15) in base 10?
-51
85 (base 15) to base 8
175
What is 4413 (base 7) in base 3?
2011110
Convert -121201 (base 3) to base 10.
-451
What is -12144 (base 6) in base 16?
-700
Convert -132321 (base 4) to base 16.
-7b9
-2050 (base 6) to base 16
-1ce
104625 (base 9) to base 3
10011200212
What is 114351 (base 6) in base 2?
10011101011011
-1103 (base 6) to base 3
-100110
What is -47c4 (base 13) in base 11?
-7680
Convert 323221 (base 4) to base 12.
2261
-3611 (base 12) to base 2
-1011110101101
-1234 (base 6) to base 10
-310
Convert -120230 (base 4) to base 14.
-80c
What is 7557 (base 9) in base 10?
5560
Convert 244 (base 5) to base 13.
59
Convert -212 (base 16) to base 10.
-530
-1002 (base 4) to base 5
-231
10532 (base 9) to base 4
1231103
What is -3149 (base 10) in base 14?
-120d
17b9 (base 13) to base 7
13204
What is -1030043 (base 5) in base 10?
-17523
-43886 (base 9) to base 13
-1036b
112460 (base 8) to base 13
144cb
-21736 (base 8) to base 16
-23de
What is 337 (base 15) in base 12?
507
Convert 10010100011010 (base 2) to base 9.
14023
-21460 (base 7) to base 13
-25b1
-13214 (base 7) to base 6
-24215
What is -141 (base 14) in base 2?
-11111101
Convert -30928 (base 10) to base 2.
-111100011010000
5333 (base 8) to base 3
10210221
-13602 (base 7) to base 5
-104401
-656 (base 7) to base 4
-11033
Convert 1b7 (base 15) to base 4.
12031
Convert -20322 (base 4) to base 16.
-23a
What is -a14d (base 15) in base 8?
-102400
22001 (base 3) to base 10
217
14439 (base 12) to base 11
1a26a
What is -52b (base 13) in base 12?
-616
What is 17d5 (base 15) in base 10?
5150
200010 (base 4) to base 15
91c
What is 242 (base 11) in base 16?
120
54754 (base 8) to base 9
34517
837 (base 10) to base 7
2304
What is 1224 (base 7) in base 5?
3314
Convert 10100010111110 (base 2) to base 4.
2202332
-20012111 (base 3) to base 16
-11aa
What is 656 (base 8) in base 13?
271
Convert -a8 (base 13) to base 4.
-2022
-12202220 (base 3) to base 13
-1bba
Convert -102 (base 10) to base 12.
-86
Convert -38ce (base 15) to base 11.
-9118
What is -a0b (base 13) in base 12?
-b99
4fa4 (base 16) to base 9
30863
What is -99 (base 11) in base 9?
-130
What is 11221 (base 5) in base 11?
678
21030 (base 4) to base 15
293
What is 101022 (base 4) in base 12?
776
Convert 344 (base 11) to base 2.
110011011
-a46 (base 16) to base 10
-2630
What is -10547 (base 9) in base 7?
-26302
Convert cb7 (base 16) to base 4.
302313
Convert 4895 (base 16) to base 6.
2220